{"id":2,"date":"2017-09-17T19:02:03","date_gmt":"2017-09-17T19:02:03","guid":{"rendered":"https:\/\/www.vardedjupet.com\/vardedjupet\/?page_id=2"},"modified":"2018-04-06T12:05:42","modified_gmt":"2018-04-06T10:05:42","slug":"2a-kretsen-liderliga","status":"publish","type":"page","link":"https:\/\/www.vardedjupet.com\/vardedjupet\/2a-kretsen-liderliga\/","title":{"rendered":"2:a Kretsen \u2013 De Liderliga"},"content":{"rendered":"<p><strong>Andra kretsen:<\/strong> H\u00e4r placerad Dante de som var offer f\u00f6r sin lusta likt och kastades runt i tillvaron likt l\u00f6v i en stormvind. Vad passar b\u00e4ttre \u00e4n att placera <strong><em>feminism<\/em><\/strong>, <em><strong>genusvetenskap<\/strong> <\/em>och <em><strong>r\u00f6relser som #MeToo<\/strong><\/em> och <em><strong>sociala r\u00e4ttvisekrigare<\/strong><\/em> h\u00e4r? Andra kretsen \u00e4r i princip det som tidigare var <a href=\"http:\/\/genusdebatten.se\/\">GenusDebatten.se<\/a>.<\/p>\n","protected":false},"excerpt":{"rendered":"<p>Andra kretsen: H\u00e4r placerad Dante de som var offer f\u00f6r sin lusta likt och kastades runt i tillvaron likt l\u00f6v i en stormvind. Vad passar b\u00e4ttre \u00e4n att placera feminism, genusvetenskap och r\u00f6relser som #MeToo och sociala r\u00e4ttvisekrigare h\u00e4r? Andra kretsen \u00e4r i princip det som tidigare var GenusDebatten.se.<\/p>\n <a class=\"more-link\" href=\"https:\/\/www.vardedjupet.com\/vardedjupet\/2a-kretsen-liderliga\/\"><span class=\"more-msg\">Continue reading &rarr;<\/span><\/a>","protected":false},"author":3,"featured_media":172,"parent":0,"menu_order":0,"comment_status":"closed","ping_status":"closed","template":"paget-posts.php","meta":{"jetpack_post_was_ever_published":false,"footnotes":""},"class_list":["post-2","page","type-page","status-publish","has-post-thumbnail","hentry"],"jetpack_sharing_enabled":false,"jetpack_shortlink":"https:\/\/wp.me\/P9v1JU-2","jetpack_likes_enabled":false,"jetpack-related-posts":[{"id":69,"url":"https:\/\/www.vardedjupet.com\/vardedjupet\/vestibulen\/","url_meta":{"origin":2,"position":0},"title":"Vestibulen","author":"Morgonstj\u00e4rnan","date":"2018-01-07","format":false,"excerpt":"Du befinner dig just nu i vestibulen, d\u00e4r du blir orienterad till V\u00e4rdedjupet och kan se vilken krets som \u00e4r den r\u00e4tta f\u00f6r dig. V\u00e4rdedjupet \u00e4r f\u00f6r n\u00e4rvarande i en period av omfattande renoveringar och kommer f\u00f6rmodligen att genomg\u00e5 omfattande f\u00f6r\u00e4ndringar fram\u00f6ver. Just nu \u00e4r det bara att kliva in\u2026","rel":"","context":"Similar post","block_context":{"text":"Similar post","link":""},"img":{"alt_text":"","src":"https:\/\/i0.wp.com\/www.vardedjupet.com\/vardedjupet\/wp-content\/uploads\/2018\/02\/Gates-of-Hell-Vestibule.jpg?fit=1024%2C341&ssl=1&resize=350%2C200","width":350,"height":200,"srcset":"https:\/\/i0.wp.com\/www.vardedjupet.com\/vardedjupet\/wp-content\/uploads\/2018\/02\/Gates-of-Hell-Vestibule.jpg?fit=1024%2C341&ssl=1&resize=350%2C200 1x, https:\/\/i0.wp.com\/www.vardedjupet.com\/vardedjupet\/wp-content\/uploads\/2018\/02\/Gates-of-Hell-Vestibule.jpg?fit=1024%2C341&ssl=1&resize=525%2C300 1.5x, https:\/\/i0.wp.com\/www.vardedjupet.com\/vardedjupet\/wp-content\/uploads\/2018\/02\/Gates-of-Hell-Vestibule.jpg?fit=1024%2C341&ssl=1&resize=700%2C400 2x"},"classes":[]},{"id":128,"url":"https:\/\/www.vardedjupet.com\/vardedjupet\/6e-kretsen-hadare\/","url_meta":{"origin":2,"position":1},"title":"6:e Kretsen \u2013 H\u00e4darna","author":"Morgonstj\u00e4rnan","date":"2018-02-27","format":false,"excerpt":"H\u00e4r straffades h\u00e4darna. Vad kan v\u00e4l passa b\u00e4ttre \u00e4n yttrandefriheten och de som vill strypa den.","rel":"","context":"Similar post","block_context":{"text":"Similar post","link":""},"img":{"alt_text":"","src":"","width":0,"height":0},"classes":[]},{"id":122,"url":"https:\/\/www.vardedjupet.com\/vardedjupet\/4e-kretsen-giriga\/","url_meta":{"origin":2,"position":2},"title":"4:e Kretsen \u2013 De giriga","author":"Morgonstj\u00e4rnan","date":"2018-02-27","format":false,"excerpt":"De girigas krets. S\u00e5dant som ber\u00f6r ekonomi, misshush\u00e5llning med resurser och liknande h\u00f6r uppenbart hemma h\u00e4r.","rel":"","context":"Similar post","block_context":{"text":"Similar post","link":""},"img":{"alt_text":"","src":"","width":0,"height":0},"classes":[]},{"id":125,"url":"https:\/\/www.vardedjupet.com\/vardedjupet\/5e-kretsen-hatfulla\/","url_meta":{"origin":2,"position":3},"title":"5:e Kretsen \u2013 De hatfulla","author":"Morgonstj\u00e4rnan","date":"2018-02-27","format":false,"excerpt":"H\u00e4r finns den \u00f6k\u00e4nda floden Styx, i vars vidriga och stinkande vatten de hatfulla k\u00e4mpar mot varandra. L\u00e5ter som en utm\u00e4rkt plats att placera de som aktivt f\u00f6rs\u00f6ker f\u00f6rpassa oss tillbaka till medeltiden genom sin milj\u00f6politik.","rel":"","context":"Similar post","block_context":{"text":"Similar post","link":""},"img":{"alt_text":"","src":"","width":0,"height":0},"classes":[]},{"id":117,"url":"https:\/\/www.vardedjupet.com\/vardedjupet\/3e-kretsen-frossarna\/","url_meta":{"origin":2,"position":4},"title":"3:e Kretsen \u2013 Frossarna","author":"Morgonstj\u00e4rnan","date":"2018-02-27","format":false,"excerpt":"H\u00e4r f\u00e5r frossarna sitt straff. Det kan v\u00e4l passa f\u00f6r en sj\u00e4lvgod kulturelit som hycklande \u00e4ter hummer och dricker r\u00f6dvin medan de nedl\u00e5tande f\u00f6rklarar f\u00f6r allmogen att pizzor \u00e4r billiga. Med eller utan r\u00e5ttor.","rel":"","context":"Similar post","block_context":{"text":"Similar post","link":""},"img":{"alt_text":"","src":"https:\/\/i0.wp.com\/www.vardedjupet.com\/vardedjupet\/wp-content\/uploads\/2018\/01\/9.fire-textures.jpg?fit=500%2C324&ssl=1&resize=350%2C200","width":350,"height":200},"classes":[]},{"id":54,"url":"https:\/\/www.vardedjupet.com\/vardedjupet\/forsta-kretsen-limbo\/","url_meta":{"origin":2,"position":5},"title":"1:a Kretsen \u2013 Limbo","author":"Morgonstj\u00e4rnan","date":"2018-01-06","format":false,"excerpt":"F\u00f6rsta kretsen: \u00c4ven k\u00e4nt som Limbo. H\u00e4r placerade Dante de od\u00f6pta som inte hade gjort sig f\u00f6rtj\u00e4nat av n\u00e5got straff, men som inte heller hade n\u00e5gon plats i himmelriket just d\u00e4rf\u00f6r att det var od\u00f6pta. Tough shit, kan man tycka. Vi kommer att placera allehanda inl\u00e4gg h\u00e4r som inte h\u00f6r\u2026","rel":"","context":"Similar post","block_context":{"text":"Similar post","link":""},"img":{"alt_text":"","src":"https:\/\/i0.wp.com\/www.vardedjupet.com\/vardedjupet\/wp-content\/uploads\/2018\/03\/Gates-of-Hell-Limbo.jpg?fit=1024%2C341&ssl=1&resize=350%2C200","width":350,"height":200,"srcset":"https:\/\/i0.wp.com\/www.vardedjupet.com\/vardedjupet\/wp-content\/uploads\/2018\/03\/Gates-of-Hell-Limbo.jpg?fit=1024%2C341&ssl=1&resize=350%2C200 1x, https:\/\/i0.wp.com\/www.vardedjupet.com\/vardedjupet\/wp-content\/uploads\/2018\/03\/Gates-of-Hell-Limbo.jpg?fit=1024%2C341&ssl=1&resize=525%2C300 1.5x, https:\/\/i0.wp.com\/www.vardedjupet.com\/vardedjupet\/wp-content\/uploads\/2018\/03\/Gates-of-Hell-Limbo.jpg?fit=1024%2C341&ssl=1&resize=700%2C400 2x"},"classes":[]}],"_links":{"self":[{"href":"https:\/\/www.vardedjupet.com\/vardedjupet\/wp-json\/wp\/v2\/pages\/2","targetHints":{"allow":["GET"]}}],"collection":[{"href":"https:\/\/www.vardedjupet.com\/vardedjupet\/wp-json\/wp\/v2\/pages"}],"about":[{"href":"https:\/\/www.vardedjupet.com\/vardedjupet\/wp-json\/wp\/v2\/types\/page"}],"author":[{"embeddable":true,"href":"https:\/\/www.vardedjupet.com\/vardedjupet\/wp-json\/wp\/v2\/users\/3"}],"replies":[{"embeddable":true,"href":"https:\/\/www.vardedjupet.com\/vardedjupet\/wp-json\/wp\/v2\/comments?post=2"}],"version-history":[{"count":6,"href":"https:\/\/www.vardedjupet.com\/vardedjupet\/wp-json\/wp\/v2\/pages\/2\/revisions"}],"predecessor-version":[{"id":202,"href":"https:\/\/www.vardedjupet.com\/vardedjupet\/wp-json\/wp\/v2\/pages\/2\/revisions\/202"}],"wp:featuredmedia":[{"embeddable":true,"href":"https:\/\/www.vardedjupet.com\/vardedjupet\/wp-json\/wp\/v2\/media\/172"}],"wp:attachment":[{"href":"https:\/\/www.vardedjupet.com\/vardedjupet\/wp-json\/wp\/v2\/media?parent=2"}],"curies":[{"name":"wp","href":"https:\/\/api.w.org\/{rel}","templated":true}]}}